e p(-6).
-54
Let t(y) = 2*y - 8. Calculate t(-6).
-20
Let g(w) = -23*w + 74. Give g(3).
5
Let d(o) = -2*o**3 + 54*o**2 - o + 27. Give d(27).
0
Let u(h) = -16*h**3 + 3*h + 2. Calculate u(-1).
15
Let f(m) = -10*m - 63. Determine f(-8).
17
Let w(y) = -12*y**3. Give w(-1).
12
Let g(q) = -23*q - 9. Determine g(-4).
83
Let o(d) = -7*d + 1. What is o(1)?
-6
Let b(o) = -3*o + 6. What is b(2)?
0
Let l(j) = j**2 + 19*j + 68. Calculate l(-14).
-2
Let m(l) = -4*l**3 + l**2 - 2*l + 2. What is m(2)?
-30
Let j(b) = -b**2 + b - 9. Determine j(0).
-9
Let m(n) = n**2 + 3*n - 2. Determine m(4).
26
Let d(y) = 3*y**2 - 6*y + 13. Calculate d(2).
13
Let v(o) = -o**3 + o**2 + 21*o + 5. What is v(5)?
10
Let r(o) = 3*o**3 + o**2 + 3*o + 3. Determine r(-1).
-2
Let u(h) = 5*h - 5. Calculate u(-13).
-70
Let y(q) = -q**3 - 8*q**2 + 48. Determine y(-7).
-1
Let w(n) = -5*n + 1. Calculate w(3).
-14
Let o(q) = q**3 - q**2 - 95. Calculate o(0).
-95
Let z(y) = -5*y**3 + y**2 + y - 1. Determine z(2).
-35
Let y(i) = -i**3 + 8*i**2 + 22*i. What is y(11)?
-121
Let p(v) = -7*v**2 - 3. What is p(2)?
-31
Let w(v) = v**3 + 14*v**2 - 34*v - 26. What is w(-16)?
6
Let y(w) = 67*w**3 + w**2 - 4*w + 2. What is y(1)?
66
Let z(o) = 3*o**2 - 34*o - 5. Calculate z(10).
-45
Let d(j) = -7*j - 53. Calculate d(-7).
-4
Let z(a) = -8*a**2 + 2*a - 2. Determine z(1).
-8
Let i(w) = w**3 - 6*w**2 - w + 4. Calculate i(6).
-2
Let x(g) = 2*g**2 + 10*g + 23. Calculate x(-5).
23
Let r(l) = -l**2 - 2*l + 4. Calculate r(0).
4
Let z(k) = 13*k**2 + 1. What is z(-2)?
53
Let v(w) = 75*w. Calculate v(-1).
-75
Let q(d) = d**2 - 22*d + 116. Determine q(9).
-1
Let k(d) = 3*d**3 + 3*d**2 + 6*d + 7. Determine k(-2).
-17
Let g(f) = f**2 + 54*f + 373. Give g(-8).
5
Let i(z) = -2*z**3 - 32*z**2 - 2*z + 2. Determine i(-16).
34
Let j(t) = -t**2 - 3*t - 9. Calculate j(-4).
-13
Let v(a) = -a**3 - 5*a**2 - a - 16. Determine v(-5).
-11
Let s(b) = 2*b**2 - 2*b - 4. Determine s(-2).
8
Let l(y) = -2*y - 8. Calculate l(-5).
2
Let c(f) = 23*f**2 + 3*f + 4. Give c(-2).
90
Let i(o) = -o + 2. What is i(8)?
-6
Let b(j) = 6*j + 3. Determine b(-1).
-3
Let z(m) = m**2 - 2*m - 239. Determine z(17).
16
Let c(h) = -5*h + 4. Calculate c(4).
-16
Let g(k) = -k**3 + 33*k**2 + 34*k + 6. Calculate g(34).
6
Let i(v) = -10*v + 16. What is i(7)?
-54
Let t(b) = b**3 + 2*b**2 - 24*b + 4. Determine t(-6).
4
Let f(p) = -4*p - 10. Determine f(-1).
-6
Let j(k) = -k**3 + 28*k**2 - 27*k - 12. Determine j(27).
-12
Let p(x) = -2*x**2 + 8*x + 4. What is p(4)?
4
Let x(m) = -4*m**2 - 24*m - 10. Give x(-8).
-74
Let m(y) = 2*y + 2. What is m(-3)?
-4
Let n(f) = f**3 + 5*f**2 - 8*f + 1. What is n(-6)?
13
Let b(j) = -j + 11. Give b(6).
5
Let w(l) = l**2 - 16*l + 12. Calculate w(14).
-16
Let x(n) = -53*n + 163. Calculate x(3).
4
Let h(a) = -a**2 - 21*a - 14. Give h(-21).
-14
Let h(a) = -a**3 + 3*a**2 + a + 13. Calculate h(4).
1
Let t(u) = -8*u + 39. Calculate t(5).
-1
Let s(g) = g - 26. What is s(36)?
10
Let d(s) = -s**3 - 7*s**2 - 2*s - 19. Give d(-7).
-5
Let q(l) = 38*l - 756. Determine q(20).
4
Let k(a) = -a**3 - 4*a**2 - 4. Calculate k(-5).
21
Let w(o) = -4*o**2 - o + 4. Give w(0).
4
Let g(l) = -l**2 - 8*l + 57. Give g(-13).
-8
Let x(r) = r**3 + 6*r**2 - 4*r - 16. Calculate x(-3).
23
Let s(g) = 4*g + 9. Give s(-3).
-3
Let b(n) = -n**2 + 25*n + 46. Calculate b(27).
-8
Let a(l) = 10*l + 4. Give a(-3).
-26
Let w(k) = 2*k**2 - k. Give w(1).
1
Let j(i) = -i**2 + i - 12. Give j(0).
-12
Let z(c) = -2*c**2 - 83*c + 262. Give z(3).
-5
Let d(t) = 55*t - 721. What is d(13)?
-6
Let t(h) = 34*h - 251. Determine t(8).
21
Let l(f) = -47*f - 3. Give l(2).
-97
Let c(d) = d**2 + 11*d + 9. Give c(-10).
-1
Let s(p) = -p**3 + 32*p**2 + 32*p + 37. Give s(33).
4
Let w(g) = -5*g**2 + 19. What is w(3)?
-26
Let y(i) = i**3 + 34*i**2 - 35*i - 12. Calculate y(-35).
-12
Let z(x) = x + 33. Calculate z(-8).
25
Let m(w) = -4*w**2 + 2. Determine m(2).
-14
Let h(i) = -4*i**2 + i. Calculate h(-2).
-18
Let m(f) = -2*f**3 + 2*f**2 - 3*f - 2. What is m(3)?
-47
Let w(n) = n**3 - 36*n**2 - 42*n + 71. Give w(37).
-114
Let m(y) = y**3 + 14*y**2 - 18*y - 34. Determine m(-15).
11
Let i(g) = -g**3 - 2*g**2 + 10*g - 12. Calculate i(-5).
13
Let g(p) = -22*p. Give g(1).
-22
Let l(s) = -s**3 + 3*s**2 + 2*s + 7. Calculate l(4).
-1
Let l(j) = -j**2 - j - 1. What is l(-3)?
-7
Let u(y) = -11*y + 69. What is u(12)?
-63
Let g(w) = -w**3 - 10*w**2 + 30*w + 17. Calculate g(-12).
-55
Let r(k) = -k**3 - 3*k**2 + 7*k - 5. Calculate r(-5).
10
Let z(l) = l**3 - 18*l**2 + 18*l + 43. Determine z(17).
60
Let k(b) = -b**2 - 17*b + 48. What is k(-19)?
10
Let v(g) = g**3 + 2*g**2 + 1. Calculate v(1).
4
Let k(u) = -u**2 - 18*u + 8. What is k(-18)?
8
Let b(a) = -a - 16. Give b(-11).
-5
Let m(i) = 5*i + 17. Determine m(11).
72
Let s(y) = -y**3 - 3*y**2 + 4*y + 1. Give s(-4).
1
Let w(v) = 2*v - 2. What is w(-11)?
-24
Let l(u) = -u**3 - 14*u**2 - 26*u - 21. Determine l(-12).
3
Let h(v) = v**2 + 14*v - 14. What is h(-15)?
1
Let r(j) = -j**3 - 5*j**2 - 6*j - 28. Give r(-5).
2
Let p(o) = o**2 - 5*o - 5. Determine p(-4).
31
Let l(j) = 36*j - 250. Give l(7).
2
Let i(b) = 397*b + 1987. Determine i(-5).
2
Let g(m) = -6*m + 1. Determine g(7).
-41
Let a(u) = -u**3 - 17*u**2 + 2*u + 8. Give a(-17).
-26
Let p(o) = 88*o**3 + 2*o**2 - o. Give p(1).
89
Let r(g) = -2*g**2 + g - 4. Determine r(3).
-19
Let n(i) = 4*i**2 - 9*i + 10. Calculate n(3).
19
Let m(g) = 2*g - 25. Determine m(0).
-25
Let y(b) = b**3 + 8*b**2 + 14*b + 14. Give y(-6).
2
Let j(p) = -2*p**2 + 2*p + 9. Determine j(0).
9
Let s(q) = q**3 - 9*q**2 - 3*q + 27. Give s(9).
0
Let g(j) = j**2 - 13*j + 42. What is g(8)?
2
Let c(x) = x**3 - 12*x**2 - 14*x + 4. What is c(13)?
-9
Let s(x) = x**2 + 29*x - 218. Calculate s(6).
-8
Let o(k) = -46*k**2 - k + 1. Give o(1).
-46
Let n(b) = b**2 + b + 6. Give n(-2).
8
Let y(b) = -b**2 + 10*b - 8. Determine y(9).
1
Let k(n) = -n**3 - 15*n**2 + 14*n - 22. Determine k(-16).
10
Let q(l) = -l - 1. Give q(5).
-6
Let p(z) = -4*z**2 + z + 2. What is p(2)?
-12
Let n(y) = -4*y**3 - 7*y**2 - 2*y + 1. Calculate n(-2).
9
Let f(u) = u**3 + 6*u**2 + 6*u + 12. Determine f(-5).
7
Let f(j) = -167*j - 1004. Determine f(-6).
-2
Let f(i) = -4*i**2 + 1. Give f(-1).
-3
Let h(o) = o**3 + 8*o**2 + 10*o - 8. Determine h(-3).
7
Let t(a) = 7*a**3 + 3*a**2 - 11*a - 13. What is t(-1)?
-6
Let w(r) = -3*r**2 + 12*r - 1. Calculate w(8).
-97
Let m(c) = -3*c - 67. What is m(-19)?
-10
Let o(d) = 2*d + 11. Calculate o(-2).
7
Let q(u) = -u**2 - 8*u. Give q(6).
-84
Let j(l) = l**3 - 6*l**2 + 7*l - 11. Calculate j(5).
-1
Let x(q) = -q**2 + 5*q - 1. What is x(7)?
-15
Let m(i) = i - 55. What is m(33)?
-22
Let y(d) = -d**3 - 4*d**2 + 6*d + 5. Give y(-5).
0
Let l(o) = 6*o + 80. Calculate l(-13).
2
Let s(k) = -k**3 - 13*k**2 + 40*k - 131. Calculate s(-16).
-3
Let u(s) = 6*s**2 + s - 1. What is u(2)?
25
Let n(b) = 8*b + 59. Calculate n(-8).
-5
Let l(v) = v**2 - 13*v - 19. Calculate l(14).
-5
Let u(f) = f**2 + 46*f + 370. What is u(-10)?
10
Let b(i) = 2*i**2 - i - 1. Give b(4).
27
Let x(o) = -o**2 + 25*o - 70. Calculate x(22).
-4
Let i(p) = -p**3 + 7*p**2 + p - 6. What is i(6)?
36
Let j(h) = -6*h**2 + 25*h - 9. What is j(3)?
12
Let w(p) = -p**3 - 19*p**2 - 18*p - 2. Determine w(-18).
-2
Let k(o) = 10*o**3 - o**2 - o - 1. Give k(-1).
-11
Let u(b) = b**2 + 9*b + 14. What is u(-2)?
0
Let b(m) = m**3 - 9*m**2 - 8*m + 7. Determine b(10).
27
Let t(l) = l**3 - l**2 - l - 23. What is t(0)?
-23
Let w(t) = t**3 - 4*t**2 - 26*t + 40. What is w(7)?
5
Let t(d) = -17*d**2 + 2*d. Determine t(1).
-15
Let c(y) = 2*y**3 + 2*y**2 - y - 6. What is c(0)?
-6
Let m(n) = 6*n - 8. What is m(8)?
40
Let q(c) = c**3 + c**2 - 3*c + 2. Calculate q(2).
8
Let k(o) = 11*o + 84. Give k(-7).
7
Let f(v) = -3*v**2 - 8*v + 9. Calculate f(-4).
-7
Let a(r) = r**3 + 10. Determine a(0).
10
Let c(h) = -h**3 - 9*h**2 - 8*h. What is c(-8)?
0
Let x(f) = f**2 + 12*f + 17. What is x(-10)?
-3
Let t(c) = -3*c**2 + 6*c + 4. Give t(-4).
-68
Let n(v) = v**2 + 9*v + 8. Calculate n(-8).
0
Let v(i) = i**2 + 8*i + 47. What is v(-13)?
112
Let s(a) = -4*a**2 - a - 112. Determine s(0).
-112
Let c(b) = -b**3 + 11*b**2 - 13*b + 19. Calculate c(10).
-11
Let f(u) = -3*u - 7. Give f(-5).
8
Let v(i) = 151*i**3 + 2*i**2 + i - 2. What is v(1)?
152
Let s(i) = -4*i - 4